- 14*u**2 - 13*u - 2. Let y be a(-14). Suppose -10*s + y = 2*s. Calculate the greatest common factor of h and s.
15
Let h(z) = 6*z**2 - 2*z + 1. Let r be h(2). Suppose -20*y + 12*m = -21*y + 75, -5*m = 5*y - 45. What is the greatest common factor of y and r?
3
Let g(u) = -19*u. Let m be g(-2). Let t = 686 - 682. Suppose 33*f - 1102 = t*f. What is the highest common factor of f and m?
38
Suppose -169 = 91*x - 92*x + 2*q, -x + 3*q = -168. Calculate the greatest common divisor of x and 1520.
19
Let s(l) = 5*l + 80. Let v be s(-10). Let c be 6/(-36) + 365/v. Suppose -5*n - 13 + 73 = 0. What is the greatest common divisor of c and n?
12
Let m be -6*10/60 - -10878. What is the highest common factor of m and 149?
149
Let o be ((-4)/(-6))/(51/1989). Let l(t) = t**3 + 9*t**2 + 9*t + 4. Let k be l(-7). What is the greatest common divisor of o and k?
13
Let p = -9113 - -11273. What is the greatest common divisor of 1680 and p?
240
Let h = -38 + 146. Let b(j) = -4*j - 10. Let x be b(-15). Suppose t = 4*m - 22 - x, -36 = -2*m + t. What is the highest common factor of h and m?
18
Let h(t) = t**2 - 19*t + 4. Let l be h(-19). Let z = 866 - l. What is the highest common factor of z and 110?
10
Suppose 0 = 2*q, -3*o = -6*o + 3*q + 2721. Suppose -11*u + 798 = -o. What is the greatest common divisor of 62 and u?
31
Let f = 95 + -89. Suppose b - 5 = -v - b, 0 = 3*b + f. Suppose 5*o = -3*p + 93, 0 = -0*p + 5*p - 5. What is the greatest common divisor of o and v?
9
Let b be (-11 - (2 - 7))/(-2). Suppose 59 = b*t + 62, 4*i - 480 = 4*t. Calculate the greatest common factor of 7 and i.
7
Let u be -174*(-10)/45*6. Calculate the highest common divisor of 174 and u.
58
Suppose -d = 3*c + 38, -c + d = 6*d - 6. Let h(u) = 4*u + 57. Let o be h(c). Calculate the highest common factor of 2 and o.
1
Let o = 119 - 78. Suppose -o*n + 48*n - 98 = 0. What is the greatest common divisor of n and 252?
14
Suppose 2*k + 1303 = 3*d, 2*d - 4*k - 409 - 449 = 0. What is the highest common factor of d and 23?
23
Let a(y) = -3*y + 4. Let v be a(-2). Let c(l) = -l**3 + 45*l**2 - 231*l - 72. Let i be c(39). Calculate the greatest common factor of i and v.
5
Let k = 556 + -563. Let g be (-11214)/36*1/k*6. Calculate the greatest common factor of 3 and g.
3
Let c be (45/(-10))/((6 - (-2451)/(-408))*6). What is the greatest common factor of c and 476?
34
Let y(h) = h + 25. Let z be y(-32). Let w(s) = -s**3 - 9*s**2 - 15*s + 13. Let f be w(z). Let t = 12 - -3. What is the highest common factor of t and f?
5
Let k(f) = f**3 + 2*f**2 - 38*f + 3. Let l be k(-7). Calculate the highest common factor of 400 and l.
8
Let u = 42 - 43. Let k be 7 - (-6 + 2)/u. Suppose 2*h = 3*h + 1, 0 = k*w + 5*h - 7. Calculate the highest common divisor of 44 and w.
4
Suppose -12*l + 66*l = 16146. What is the greatest common factor of 23 and l?
23
Let w = -12 + 14. Suppose w*v = v. Let l be (1 - -12) + v/(-5). Calculate the greatest common factor of l and 143.
13
Let z = 1187 + -617. Suppose 0 = -561*g + z*g - 2916. What is the highest common divisor of 72 and g?
36
Let i = -4887 - -7951. What is the greatest common factor of i and 32?
8
Suppose -3*h + 254 = 2*s - 6*s, 0 = -5*h + 3*s + 416. Let t be (-8 + 4)*-5*1. Let i be (32/t)/((-6)/(-15))*h. Calculate the highest common divisor of 41 and i.
41
Suppose -181 = -5*i + 3*p, -5*i - 5*p = -4*i - 53. Let y = -2089 + 2062. Let k = i + y. Calculate the greatest common factor of 55 and k.
11
Let c = -595 - -604. Let y(r) = -r**3 - 2*r**2 - 3*r - 3. Let q be y(-2). Suppose -2*g = q*g - 45. What is the highest common factor of c and g?
9
Let o be (-180)/(-12) - (1 - 2045). What is the greatest common divisor of o and 284?
71
Let n = -74 - -173. Suppose -59 = h - n. Calculate the highest common divisor of h and 32.
8
Let q be 5 + (-10)/(-15) - 2/(-6). Suppose -3*l + q*t - t + 29 = 0, 4*t = 2*l - 20. Suppose n = l*n - 7. What is the highest common divisor of 6 and n?
1
Let l be (-1*135)/(-1)*(-5)/(-15). What is the greatest common factor of l and 300?
15
Let n = 63 - 25. Let a(i) = i**2 + 2*i - 4. Let y = -59 - -48. Let o be a(y). Calculate the highest common divisor of o and n.
19
Suppose 4*y - 112 - 40 = 0. Let i(t) = -40*t - 104. Let n be i(-13). Suppose -249 = -7*c + n. What is the greatest common divisor of y and c?
19
Let h(a) = -57*a + 19. Let x be h(-1). Suppose 23*s - y = 25*s - 38, 4*y = 0. What is the highest common factor of x and s?
19
Let k be (-5)/5 + 12/4*1. Suppose -2*l + 20 = 5*q, -4*q - 4*l + 8*l = 12. What is the greatest common divisor of q and k?
2
Let k = 142 - 174. Let u = 77 + k. Calculate the greatest common divisor of u and 180.
45
Let g = -7104 + 7770. What is the highest common divisor of 60 and g?
6
Suppose 15 = -29*l + 827. Calculate the highest common factor of l and 1414.
14
Let q = -15 - -32. Let b(v) = -10*v - q*v**2 + 32 + 9*v**2 + 7*v**2. Let s be b(-10). Calculate the greatest common factor of s and 8.
8
Suppose 10*q + 1197 = 17*q. Suppose q*y - 138 = 168*y. What is the highest common divisor of y and 69?
23
Suppose 18*s - 14*s + 844 = 4*o, -5*s = -4*o + 841. Suppose -o = -9*h + 2. Calculate the highest common divisor of h and 792.
24
Suppose -10 = v - 4*h, 5*v = 4*v - 5*h + 26. Suppose -2*l - o + 327 = 0, -4*l = -3*o + v - 635. What is the highest common factor of l and 7?
7
Let f = 91229 - 91019. Let b(g) = 6*g**2 - 6*g. Let h be b(5). What is the highest common divisor of f and h?
30
Suppose -80 - 109 = -9*s. Let m be 0 - 6/s - (-290)/35. Suppose -4*r + 3*d + 361 = 0, -5*d + 337 = r + 3*r. Calculate the highest common factor of r and m.
8
Suppose 6*u + 19 = -53. Let w(h) = h**2 + 202 - h**2 + h**2 + 13*h - 184. Let s be w(u). What is the highest common divisor of 54 and s?
6
Let l(c) = -12*c + 53. Let x be l(0). Suppose 0 = -4*i - 2*f + 269 - 47, -i = 3*f - x. Calculate the greatest common factor of 16 and i.
8
Let v(j) = -11*j + 4. Let o be v(-4). Let i = 2002 - 3022. Let m = 1052 + i. What is the highest common factor of o and m?
16
Let v = 6561 - 6530. Calculate the greatest common divisor of 3379 and v.
31
Let f be 114/6 + (-16)/16. Let b(d) = 47*d + 13. Let o be b(7). Calculate the highest common factor of o and f.
18
Let q be 7 + -19 + 4 - -5. Let m be 116/6 - 2/(-3). Let j be m*(-2)/((-7)/1 - q). Calculate the highest common divisor of 80 and j.
10
Let h be 139/5 + (-5)/(65 + -90). Let o be (-2266)/(-6) + (-2)/(-6). What is the highest common divisor of o and h?
14
Suppose 0 = -56*z + 95*z - 273000. What is the highest common factor of z and 25?
25
Let o = -150 - -173. Let g = 75 - 52. Calculate the greatest common divisor of g and o.
23
Let n be (((-2700)/(-84))/(-25))/(9/(-84)). Calculate the greatest common factor of 2859 and n.
3
Let r(b) = -2*b**3 - 22*b**2 + 24*b. Let w be r(-12). Suppose w = -5*f + 20 + 75. Calculate the highest common divisor of 1007 and f.
19
Suppose 0 = 97*m - 124*m + 43200. What is the highest common factor of 480 and m?
160
Suppose -20*x + 9666 = -2894. Suppose 586 = -z + x. What is the highest common factor of 714 and z?
42
Let k(f) = -6*f + 5 + 2*f**2 - f + 15*f. Let g be k(-4). Suppose g*d - 268 = -108. What is the highest common divisor of 32 and d?
32
Let a be (24/10 - (-18)/(-45)) + 3. Suppose -5*x + 8 = 3*m - 72, 4*m = -a*x + 105. Calculate the highest common divisor of m and 475.
25
Let m be (-104175)/(-315) - 18/(-14). Calculate the greatest common divisor of 52 and m.
4
Suppose -4*d + 618*s + 1165 = 613*s, 2*s - 1481 = -5*d. What is the greatest common factor of 1888 and d?
59
Let g(i) = 59*i + 469. Let n(q) = q + 1. Let m(z) = g(z) + 2*n(z). Let l be m(-7). What is the highest common divisor of 143 and l?
11
Let h be ((-312)/(-32) - 10) + (-116)/(-16). What is the greatest common divisor of 518 and h?
7
Let u be (-845)/(-20) - 8/32. What is the greatest common factor of u and 453?
3
Let t = 2456 - 647. Calculate the greatest common divisor of t and 9.
9
Suppose -9*k = -22*k - 65. Let v(r) = -5*r - 5. Let g(z) = z. Let m(n) = 2*g(n) + v(n). Let d be m(k). What is the highest common factor of 4 and d?
2
Let r be (-12)/9 - (-1792)/21. Let u = 336 - r. What is the highest common divisor of 7 and u?
7
Suppose -39361 = -127*j + 87512. Calculate the highest common factor of j and 37.
37
Let s = 32 